 factors of 239022492.
2, 3, 19918541
List the prime factors of 1492407281.
1613, 925237
List the prime factors of 279229381.
367, 760843
List the prime factors of 118289630.
2, 5, 19, 622577
What are the prime factors of 66162127?
199, 332473
List the prime factors of 956020643.
83, 11518321
List the prime factors of 3877164499.
13, 298243423
List the prime factors of 25053133.
7, 43, 83233
List the prime factors of 5270720493.
3, 9791, 179441
What are the prime factors of 1462501046?
2, 23, 601, 52901
What are the prime factors of 114152684?
2, 19, 337, 4457
What are the prime factors of 399193067?
7, 13, 157, 27941
What are the prime factors of 8972739?
3, 101, 9871
What are the prime factors of 39279888?
2, 3, 272777
What are the prime factors of 1124014357?
1721, 653117
List the prime factors of 179915655.
3, 5, 19, 43, 53, 277
List the prime factors of 111114101.
7, 15873443
List the prime factors of 2927550898.
2, 1063, 1377023
List the prime factors of 1695412608.
2, 3, 971, 4547
What are the prime factors of 1055227912?
2, 43, 179, 17137
What are the prime factors of 4334057870?
2, 5, 151, 2870237
List the prime factors of 496084342.
2, 13, 47, 313, 1297
What are the prime factors of 1136588649?
3, 7, 349, 155081
List the prime factors of 69792913.
43, 1623091
What are the prime factors of 815072429?
17, 31, 1546627
What are the prime factors of 1882728939?
3, 7, 13, 71, 137, 709
What are the prime factors of 864260?
2, 5, 79, 547
List the prime factors of 277326705.
3, 5, 18488447
What are the prime factors of 352149809?
11, 2910329
What are the prime factors of 102512233?
102512233
List the prime factors of 4001874218.
2, 139, 14395231
What are the prime factors of 407519751?
3, 47, 2890211
List the prime factors of 8620844013.
3, 106430173
What are the prime factors of 53340588?
2, 3, 7, 23, 9203
What are the prime factors of 2981968931?
2981968931
What are the prime factors of 484597053?
3, 17, 31, 34057
List the prime factors of 466509088.
2, 14578409
List the prime factors of 2361131177.
20353, 116009
What are the prime factors of 1949470901?
7, 278495843
List the prime factors of 1364528977.
7, 4271, 45641
What are the prime factors of 204435167?
1471, 138977
What are the prime factors of 1331486864?
2, 19, 977, 4483
List the prime factors of 601421832.
2, 3, 11, 759371
List the prime factors of 10839846.
2, 3, 17, 106273
What are the prime factors of 4955604928?
2, 19, 499, 8167
List the prime factors of 107769385.
5, 227, 94951
List the prime factors of 3780606724.
2, 257, 3677633
What are the prime factors of 619629675?
3, 5, 7, 1180247
What are the prime factors of 47474726?
2, 13, 67, 27253
List the prime factors of 70991658.
2, 3, 199, 19819
What are the prime factors of 735130268?
2, 183782567
List the prime factors of 3498789313.
389, 8994317
List the prime factors of 186238526.
2, 607, 153409
What are the prime factors of 6028926421?
7, 211, 1409, 2897
List the prime factors of 847152434.
2, 423576217
List the prime factors of 444634804.
2, 23, 4832987
What are the prime factors of 1405588465?
5, 281117693
What are the prime factors of 201482648?
2, 1601, 15731
List the prime factors of 189104149.
13, 14546473
List the prime factors of 4922088731.
7, 13649, 51517
List the prime factors of 2145552459.
3, 89, 661, 12157
What are the prime factors of 44282420?
2, 5, 7, 13, 29, 839
What are the prime factors of 427969029?
3, 41, 3479423
What are the prime factors of 58425429?
3, 19475143
What are the prime factors of 9575140?
2, 5, 41, 11677
List the prime factors of 390332531.
1801, 216731
List the prime factors of 32135751.
3, 599, 1987
List the prime factors of 51787749.
3, 13, 19, 47, 1487
List the prime factors of 4930643337.
3, 1643547779
List the prime factors of 552038400.
2, 3, 5, 599
What are the prime factors of 48095668?
2, 23, 139, 3761
What are the prime factors of 122478066?
2, 3, 19, 37, 9679
List the prime factors of 152289887.
31, 263, 18679
List the prime factors of 190073618.
2, 7, 2389, 5683
What are the prime factors of 302042384?
2, 7, 1567, 1721
List the prime factors of 88667210.
2, 5, 29, 305749
List the prime factors of 45092556.
2, 3, 367, 3413
List the prime factors of 2084970013.
7, 2633, 113123
What are the prime factors of 15403823?
41, 375703
List the prime factors of 374900354.
2, 17, 37, 298013
What are the prime factors of 42630764?
2, 11, 17, 56993
What are the prime factors of 38287715?
5, 7657543
List the prime factors of 377660424.
2, 3, 131, 120121
What are the prime factors of 4023860226?
2, 3, 12577, 53323
List the prime factors of 5798822556.
2, 3, 83, 5822111
List the prime factors of 3704388891.
3, 7, 176399471
What are the prime factors of 116999868?
2, 3, 9749989
What are the prime factors of 242151068?
2, 401, 150967
List the prime factors of 159685376.
2, 623771
List the prime factors of 91759452.
2, 3, 7646621
What are the prime factors of 6464518693?
6464518693
What are the prime factors of 403784725?
5, 16151389
List the prime factors of 161536003.
29, 5570207
What are the prime factors of 252381786?
2, 3, 42063631
What are the prime factors of 25582207?
7, 37, 98773
What are the prime factors of 67117491?
3, 7, 118373
List the prime factors of 32201759.
83, 387973
What are the prime factors of 1196129669?
7, 191, 894637
List the prime factors of 209612110.
2, 5, 23, 911357
What are the prime factors of 967929184?
2, 30247787
What are the prime factors of 70542337?
70542337
What are the prime factors of 3190980398?
2, 397, 4018867
What are the prime factors of 2762443124?
2, 7, 98658683
What are the prime factors of 2571228?
2, 3, 11, 43, 151
What are the prime factors of 128306839?
128306839
What are the prime factors of 68776137?
3, 7641793
What are the prime factors of 2621416447?
13, 201647419
List the prime factors of 519439447.
519439447
What are the prime factors of 33970741?
7, 4852963
What are the prime factors of 998446104?
2, 3, 29, 41, 107, 109
List the prime factors of 630880018.
2, 23, 131, 104693
List the prime factors of 2060273003.
2060273003
List the prime factors of 2263011.
3, 754337
List the prime factors of 5514321641.
199, 409, 67751
What are the prime factors of 2007041766?
2, 3, 8837, 37853
What are the prime factors of 3149687453?
11, 286335223
What are the prime factors of 1597206539?
109, 14653271
List the prime factors of 78863092.
2, 7, 11, 256049
What are the prime factors of 37930570?
2, 5, 17, 347, 643
List the prime factors of 1767334454.
2, 883667227
What are the prime factors of 26117446?
2, 53, 246391
What are the prime factors of 1654201522?
2, 19, 829, 52511
List the prime factors of 4660039999.
37, 53, 2376359
List the prime factors of 185022517.
185022517
List the prime factors of 294040934.
2, 11, 73, 183089
List the prime factors of 43809552.
2, 3, 101411
What are the prime factors of 60466742?
2, 7, 151, 28603
List the prime factors of 67157240.
2, 5, 23, 72997
What are the prime factors of 435316296?
2, 3, 19, 954641
What are the prime factors of 24741586?
2, 1481, 8353
List the prime factors of 84373209.
3, 29, 37, 8737
List the prime factors of 539011464.
2, 3, 22458811
What are the prime factors of 47765570?
2, 5, 193, 24749
What are the prime factors of 9751325398?
2, 4875662699
What are the prime factors of 32609967?
3, 13, 836153
List the prime factors of 402029797.
13, 19, 1627651
List the prime factors of 585193063.
7, 13, 43, 149551
What are the prime factors of 144976778?
2, 4289, 16901
List the prime factors of 3908298849.
3, 7, 13, 373, 5483
List the prime factors of 62263958.
2, 31131979
List the prime factors of 150260110.
2, 5, 7, 11, 13, 17, 883
List the prime factors of 155441438.
2, 17, 601, 7607
What are the prime factors of 566611614?
2, 3, 31, 1015433
List the prime factors of 823824671.
823824671
What are the prime factors of 194890254?
2, 3, 13, 2498593
List the prime factors of 134504557.
11, 127, 96281
List the prime factors of 18516629.
311, 59539
What are the prime factors of 115646698?
2, 97, 596117
What are the prime factors of 838757223?
3, 19, 1699, 2887
List the prime factors of 134466847.
4597, 29251
What are the prime factors of 43806785?
5, 11, 796487
What are the prime factors of 616913